*s + 371 = 2*d + 2*d. Suppose 0 = 5*x - 39 - 16. Calculate the greatest common divisor of d and x.
11
Let v be (-12)/(2/(-5) + (-16)/10). Suppose -17 - 163 = -v*p. What is the highest common divisor of p and 90?
30
Suppose 0*a + 5*a - 95 = 0. Let m(k) = -4*k**2 + 3*k**2 - 5 + 50*k - 56*k + 4*k**2. Let x be m(-2). Calculate the greatest common factor of a and x.
19
Let i(g) = 0*g**2 + 11*g**3 + 2*g - 9 + 7 - g**2. Let v be i(2). Suppose 4*q - 3*l - 154 = -49, -3*q = 5*l - v. What is the greatest common factor of q and 9?
9
Let g = 95 - 93. Suppose -5*n + 28 = g*n. Let b be 5/n*(-240)/(-12). What is the highest common divisor of 25 and b?
25
Suppose 0 = -22*g + 14*g + 22816. What is the highest common divisor of g and 2208?
92
Suppose 5*t + 274 = x, 4*x - 83*t + 79*t - 1112 = 0. Calculate the greatest common factor of 54 and x.
9
Let n(o) = -63*o - 556. Let j be n(-9). Let h be -5702*2/(-28) - (-8)/(-28). Calculate the greatest common divisor of j and h.
11
Suppose -y = -0 - 3. Let u be (-5289)/(-287) + 7/(196/(-12)). Calculate the highest common divisor of u and y.
3
Let l = 2765 + -2763. What is the highest common divisor of 226 and l?
2
Let h = -4252 - -5066. What is the greatest common divisor of h and 444?
74
Suppose 29*i - 27*i - 16 = 0. Let v(g) = g + 49. Let l be v(-9). What is the highest common divisor of i and l?
8
Suppose -92*z = -23*z - 28566. Suppose 6*u - 288 = -2*u. What is the highest common divisor of z and u?
18
Suppose 0 = 84*b + 121*b - 11070. What is the greatest common factor of b and 2619?
27
Suppose 0*x + x + 58 = 0. Let y = x - -108. Let a = -80 - -90. What is the highest common divisor of a and y?
10
Suppose -4*u + 353 + 71 = 0. Suppose 2*n = 184 + u. Suppose 5*f + 0*s - 2*s = 298, -2*s = 3*f - 166. Calculate the highest common factor of f and n.
29
Suppose 2*i - 47 = -3*p, 0 = -5*p - 78*i + 71*i + 49. What is the highest common factor of 469 and p?
7
Suppose 2*r = -195 + 187. Let p(y) = -3*y + 28. Let q(i) = -7*i + 55. Let l(d) = r*q(d) + 7*p(d). Let h be l(6). What is the highest common factor of h and 6?
6
Let n(c) = 2*c - 3 - 6*c + 12*c**2 + c**3 + c + 2. Let s be n(-12). Let d(j) = j**2 - 18. Let f be d(-5). Calculate the highest common divisor of s and f.
7
Let x be (-104913)/(-72) - ((-73)/(-8) - 9). What is the highest common divisor of x and 310?
31
Suppose 19*j + 5*c = 14*j + 70, -2*c = 5*j - 79. Suppose -7*a = -95 - j. What is the highest common divisor of a and 88?
8
Let c(y) = -47*y**3 - 2*y - 1. Let w be c(-1). Suppose -44*p - w = -47*p. Let i be 76/((5 - 1)/p). Calculate the highest common divisor of 38 and i.
38
Let h be (-180)/(-105)*189*-1. Let q = h - -361. Calculate the greatest common factor of 37 and q.
37
Let w be -3 + ((-18)/(-2) - 5). Let q be ((-18)/45)/(w/(-675)). Suppose -4*j - 150 = -9*j. Calculate the greatest common factor of q and j.
30
Let d(m) = 8*m - 99. Let z(c) = -7*c + 97. Let n(q) = 3*d(q) + 4*z(q). Let o be n(0). Let h be 78/(-4)*(-24)/36. What is the highest common factor of h and o?
13
Suppose -3*t - 12 = -4*t. Suppose 40 + 964 = -4*r. Let s = r - -311. What is the highest common factor of s and t?
12
Let f(t) = 2*t**2 - 15*t + 47. Let i be f(5). Let s be i/3 - 13/(-117)*-3. What is the greatest common divisor of 84 and s?
7
Let w be 834/17 + 275/(-4675). Let p(h) = 31*h - 2. Let s be p(3). Calculate the greatest common divisor of s and w.
7
Suppose 0*r - r - 14 = -4*p, 4*p - 8 = -2*r. Let j(n) = 2*n**2 + 10*n + 11. Let v = -95 - -91. Let s be j(v). What is the highest common divisor of s and p?
3
Let b(p) = 5*p**3 - 16*p**2 - 4*p + 15. Let u be b(4). Let i be 2/(-7) + (585/u - -6). What is the highest common divisor of i and 135?
15
Let a = -34870 - -34964. Calculate the highest common factor of a and 9682.
94
Let g be -1 + 8 + -15 - -65. Calculate the highest common divisor of 2071 and g.
19
Suppose 0 = -3*l + 3*y - 15, 0 = -6*l + 5*l + 3*y - 17. Calculate the greatest common factor of l and 19.
1
Suppose -93*l = -46*l + 236*l - 10471. Calculate the highest common factor of l and 7437.
37
Let b(a) = -126*a + 303. Let w be b(3). Suppose -t - 4*j = -97, 3*t - 68 = -2*j + 173. Let m = t + w. What is the greatest common factor of 6 and m?
2
Let t be ((-1)/2)/(2431/(-11312) - 480/(-2240)). What is the highest common factor of t and 8?
8
Suppose 5*o - 1163 = -4*v, -2*v = -3*o + 273 + 416. Calculate the greatest common factor of 264 and o.
33
Suppose -74178 = -481*q + 444*q + 2967. Calculate the greatest common divisor of 3 and q.
3
Let p = 1176 + -822. Let w = 379 - p. Calculate the highest common factor of 275 and w.
25
Let y(f) = f**2 - 3*f + 1333. Let o be y(0). What is the greatest common factor of o and 124?
31
Suppose -15*u + 30716 = 29591. Suppose 3*r + 0*s - 273 = s, -2*r - 2*s = -174. What is the highest common factor of u and r?
15
Let y(r) = r**3 + 6*r**2 + r - 14. Let l be y(-5). Let t(c) = 14 + c + 22 + 9 - 8*c. Let d be t(l). What is the highest common factor of d and 3?
3
Let r(s) = -s**3 + 89*s**2 - 4*s + 400. Let t be r(89). What is the greatest common factor of 36 and t?
4
Let v = -1032 - -1039. Let l(h) = 18*h + 3. Let w be l(-2). Let m = v - w. What is the greatest common factor of 10 and m?
10
Suppose 22 = l + 30. Let x = 44 + l. Suppose -3 = -7*b + 60. What is the greatest common divisor of x and b?
9
Let o = -445 - -455. Suppose 3*z - 4*c = 6*z - 80, -45 = -z - 5*c. What is the highest common divisor of z and o?
10
Let l(x) = x**3 - 4*x**2 - 14*x + 56. Let w be l(7). Let k = w + -98. Let u = -15 - -50. What is the highest common factor of u and k?
7
Suppose 550 = 5*x - 880. Let v(p) be the second derivative of -p**4/6 + p**3/3 + 11*p**2 - 48*p. Let y be v(0). What is the greatest common divisor of x and y?
22
Suppose 2760 = 1777*z - 1754*z. Calculate the greatest common factor of 696 and z.
24
Let f(x) = 2*x**2 + 14*x + 24. Let l be f(-2). Suppose 4*t + l*y = 36, -4*t - t - y = -61. What is the highest common divisor of t and 26?
13
Let j = -951 + 639. Let o = -220 - j. Suppose -2*u + o = 2*y, y + 148 = 4*y + u. Calculate the greatest common divisor of 17 and y.
17
Suppose -2*u = 3*a + 12, -u - 5*a + 4 = -6*a. Suppose -11*v + 10*v + 12 = u. Let c = -12 + 30. What is the highest common divisor of v and c?
6
Let k be (268*(-31 - 13))/((-1)/(2 - 1)). Calculate the highest common divisor of 11 and k.
11
Suppose -4*w + 1588 = -3*j - 146, -w + 425 = -5*j. Suppose -w = 32*a - 2259. What is the greatest common divisor of a and 361?
19
Let n(z) = 12*z - 23. Let u be n(21). Suppose 4*r = 35 + u. Let x = -19 - -118. Calculate the greatest common divisor of x and r.
33
Let j = -41 + 23. Let x(f) = 0*f + 32 - 21 - 2*f. Let v be x(j). Calculate the greatest common divisor of 376 and v.
47
Let q be ((-1450)/435)/(2/(-177)). Calculate the greatest common factor of q and 1.
1
Let m = 931 - 912. What is the highest common divisor of m and 4864?
19
Let y(r) = r**3 - r**2 + r + 7. Let z be y(3). Suppose -z*f + 15468 + 8556 = 0. Calculate the highest common factor of f and 13.
13
Suppose 19*y + 3065 = 4*w + 14*y, -2*y - 3810 = -5*w. Calculate the greatest common factor of w and 304.
152
Let z be -37*(-2 + 1) + 13/13. Let k(u) = -u**3 + 37*u**2 + 45*u + 58. Let p be k(z). What is the greatest common divisor of p and 81?
81
Suppose 4*i + 12*r = 16*r + 264, 4*i = -5*r + 291. What is the highest common divisor of 4416 and i?
69
Let g = -1992 + 2240. What is the greatest common divisor of 186 and g?
62
Let s(h) = h**3 + 27*h**2 - 27*h + 48. Let z be s(-28). Calculate the greatest common factor of 5540 and z.
20
Let n = -3444 + 3705. What is the greatest common factor of n and 232?
29
Suppose 38*y = 27*y + 231. Suppose 11 = y*w - 115. Calculate the greatest common factor of w and 96.
6
Let n = -1257 - -2110. Suppose 203 = 16*l - n. Calculate the greatest common divisor of 44 and l.
22
Let n(b) = -b**2 + 27*b - 9. Let a be n(17). Suppose m + 12*m - 91 = 0. Suppose -m*j = -14*j + a. Calculate the greatest common factor of j and 23.
23
Let b = 230635 + -230570. Let i be 14*6 + -1 + 0. Let d = i + -57. Calculate the highest common divisor of d and b.
13
Let j = -57 - -61. Suppose -j*v = -6 - 2. Suppose 5*b - 180 = v*b. Calculate the highest common divisor of 10 and b.
10
Let u(a) = -5